 is divided by 8.
7
What is the remainder when 8 is divided by (-4 - -7) + ((-9)/3 - -2)?
0
Suppose 3*y + y + 27 = r, 2*r + 3*y - 54 = 0. Suppose -4*h - r = -a, 4*a - 25 - 6 = 5*h. Let s = 15 - h. What is the remainder when 42 is divided by s?
20
Let w(a) = 4*a - 4. Let k(q) = 2*q - 5. Let i be k(5). Calculate the remainder when w(3) is divided by 35/(-14)*(-6)/i.
2
Let a(q) = q**3 + 6*q**2 - 8*q + 6. Suppose 3*m + 60 = 2*l, -12 = -0*m + 3*m. Calculate the remainder when l is divided by a(-7).
11
Suppose 4*z - 207 = -75. Let i be (0 - -1)/((-3)/z). Let u(w) = -w**2 - 13*w - 11. What is the remainder when u(i) is divided by 4?
3
Let k = -3 - -8. Let a be 16/(-24) - (-4)/6. Suppose k*j - 16 - 9 = a. What is the remainder when 9 is divided by j?
4
Let f = 17 - -6. Calculate the remainder when 114 is divided by f.
22
Suppose -y - 2*d - 5 = -4*y, 7 = y - 2*d. Let n = 6 + y. Suppose 5*j - n*q = 35, -5*j + 30 = -3*q - 9. Calculate the remainder when 16 is divided by j.
7
Let o = -5 - -7. Suppose -c + o*c = 3. Suppose 4*f - 56 = -4*m, m = -c*m + f + 46. What is the remainder when m is divided by 7?
5
Suppose -9 + 5 = 2*y. Let i = y - -21. Calculate the remainder when i is divided by 4/6*33/2.
8
Suppose 7*v - 60 = 2*v. Suppose -4*y + 5*o + 72 = -28, -3*y - 3*o = -75. Suppose y = -h + 60. Calculate the remainder when h is divided by v.
11
Suppose s + 2*s = h + 84, -4*s + 2*h + 114 = 0. Suppose 2*l = 4*l, 3*l = 3*w - s. Calculate the remainder when 26 is divided by w.
8
Let w = 6 - 15. What is the remainder when (w + 10)/((-2)/(-226)) is divided by 29?
26
Let u = -21 - -29. Let r = u - -1. Suppose -3*t + 16 = -2*t. What is the remainder when t is divided by r?
7
Let y(r) = -2*r + 5. Let d = 175 + -101. Suppose -w - d = -3*w. What is the remainder when w is divided by y(-7)?
18
Suppose -90 + 30 = -5*x. Calculate the remainder when 35 is divided by x.
11
Let u = 18 + -3. What is the remainder when (-2)/(-5) + (-283)/(-5) is divided by u?
12
What is the remainder when 17 is divided by 6 - (-1 + 1)/(-1)?
5
Suppose 45 = x + 8*x. What is the remainder when 27 is divided by x?
2
Let f(t) = -t**2 - 2*t + 1. Let w be f(-5). What is the remainder when 65 is divided by (-3 - w/4)*34?
14
Let i be 4 + (0 - -2)/(-2). Let z = 3 - i. Let o = z + 10. What is the remainder when o is divided by 4?
2
Calculate the remainder when 2/(-5) + 1143/45 is divided by 9.
7
Let k(j) = 2*j**2 + 16*j + 40. What is the remainder when k(-9) is divided by 10?
8
Let a be ((-74)/2)/1 + 0. Let x = -22 - a. What is the remainder when 43 is divided by x?
13
Suppose 3*y - 4 = 11. Suppose y*m + m - 48 = 0. Calculate the remainder when 46 is divided by m.
6
Let c(v) = -v**3 + 5*v**2 + 7*v - 3. Let y be c(6). Suppose y*j = 4*t + 8*j + 8, -5*j = -t + 23. What is the remainder when t*((-87)/9)/(-1) is divided by 15?
14
Let m = 10 + -4. Calculate the remainder when m is divided by 6.
0
Suppose 2*z - 13 = -3*p, -5*z = -3*p + p - 23. Calculate the remainder when 14 is divided by z.
4
Let o be 4 - (1 + -2 - -2). Suppose 26 = 5*b - o*b. Calculate the remainder when 38 is divided by b.
12
Let n(g) = 26*g**2 + g - 1. Calculate the remainder when n(1) is divided by 7.
5
Suppose -4*h + 92 = -5*t, -h - h + 4*t = -46. What is the remainder when h is divided by 12?
11
Let o(d) = 40*d + 1. Calculate the remainder when o(1) is divided by 15.
11
Let j = 5 + 9. What is the remainder when 51 is divided by j?
9
Let s(j) = j + 22. What is the remainder when 25 is divided by s(-13)?
7
Let x(q) = 36*q**2 + q. Calculate the remainder when 173 is divided by x(-1).
33
Suppose -u - 8 = -3*u. Let p = -1 + u. What is the remainder when 8 is divided by p?
2
Let m = 38 + -3. Suppose 6*y = y + m. Calculate the remainder when 12 is divided by y.
5
Let p be (-3 - -3) + 25*-11. Suppose x + 2*x = 45. What is the remainder when (8/(-5))/(10/p) is divided by x?
14
Let h(z) = 3*z**2 + 9*z. What is the remainder when h(-6) is divided by 19?
16
Suppose 0 = -3*s + 2*s + 16. Let f = s - 11. Let q(k) = -k**3 - 9*k**2 - k - 5. What is the remainder when f is divided by q(-9)?
1
What is the remainder when 146 is divided by (-1830)/(-50) + 2/5?
35
Suppose -3 = 4*w - 67. Let b = 23 - w. Calculate the remainder when 11 is divided by b.
4
What is the remainder when -3 - 54/(-12) - 79/(-2) is divided by 15?
11
Let a = -8 + 20. Let j = -58 + 92. What is the remainder when j is divided by a?
10
Let h be (-1)/3*0/2. Suppose -2*j - 1 + 5 = h. Suppose -3*v - j*x - 3*x + 5 = 0, x = -2. Calculate the remainder when 7 is divided by v.
2
Let l(n) = n**3 + 6*n**2 + 5*n + 2. Suppose 5*q + 3*w + 16 = -6, -2*q - 8 = 2*w. Calculate the remainder when 5 is divided by l(q).
1
Suppose -2*m + 80 = -30. What is the remainder when m is divided by 12?
7
Let l = -18 + 33. Suppose l*j - 93 = 14*j. Calculate the remainder when j is divided by 24.
21
Suppose 0*k = -k + 31. Calculate the remainder when k is divided by 11.
9
Let m be 7/2 - 12/8. Let s(a) = -3*a + 4. Let c(r) = -r + 1. Let h(j) = -4*c(j) + s(j). Calculate the remainder when 5 is divided by h(m).
1
Let r(z) = -z**3 + 11*z**2 - 10*z + 10. Let s be r(10). Calculate the remainder when (-15)/(-6)*108/s is divided by 15.
12
Suppose 21 = 7*o - 21. Suppose -60 = -4*m - 4*q, -m + 5*m - q = 65. What is the remainder when m is divided by o?
4
Suppose q + c - 47 = -0, 3*c = -2*q + 98. Calculate the remainder when q is divided by 15.
13
Suppose -5*t - 28 + 108 = 0. Suppose 5 = -5*o + 50. Calculate the remainder when t is divided by o.
7
Let i be (1 + -2)*10 - 1. Let u = -8 - i. Calculate the remainder when 5 is divided by u.
2
Suppose -2*u - 2*v - v + 12 = 0, -5*v = -u + 6. What is the remainder when 1/(u/(-9))*-14 is divided by 13?
8
Calculate the remainder when (2 + 23/(-2))/(2/(-4)) is divided by 11.
8
Let p(r) = -r**2 + 6*r - 4. Let n be p(5). Suppose -2 + n = -v. Suppose -2*b = -15 - v. What is the remainder when 14 is divided by b?
6
Let m(b) = 32*b**3 + 2*b**2 - 2*b + 1. Let h be -115*3*1/(-5). Suppose g = -2*j - 2*j + h, -2*j + 32 = -2*g. Calculate the remainder when m(1) is divided by j.
16
Suppose 145 + 75 = 11*t. What is the remainder when -2*2/(12/(-237)) is divided by t?
19
Let j(c) = 4*c**2 - 7*c + 3. Calculate the remainder when j(3) is divided by 5.
3
Let d = -3 + 74. Calculate the remainder when d is divided by 15.
11
Let o = 2 + 0. Let r be (-4)/10 - (-156)/15. Suppose 0 = 4*d + 2 - r. Calculate the remainder when d is divided by o.
0
Let a(o) = o**2 + 9*o + 13. Calculate the remainder when 63 is divided by a(-9).
11
Let f = -8 - -13. Suppose -f*z + 10 = -0*z + 5*l, 2*l = -z + 2. Suppose -2*t = 3*m + t - 18, 0 = -2*m + 2*t - 4. Calculate the remainder when m is divided by z.
0
Let g(i) = 2*i**2 - 2*i - 3. Suppose -w + 2 = -37. Calculate the remainder when w is divided by g(-3).
18
Let p be (-10)/((-2)/((-8)/1)). Let z = p + 61. Calculate the remainder when 61 is divided by z.
19
Suppose 3*i - 4*k - 300 = 0, 3*i + 5*k = 2*k + 300. What is the remainder when i is divided by 34?
32
Let g = -23 + 36. Let m = g - -6. Calculate the remainder when 35 is divided by m.
16
Suppose -4*o + 230 = 50. What is the remainder when o is divided by 12?
9
Suppose -2*x - 4 = -0*x, -2*x = -4*c + 312. Calculate the remainder when c is divided by 20.
17
Let q(v) = -v**2 + 7*v + 8. Let o be 4 + 6 - 4*1. What is the remainder when 53 is divided by q(o)?
11
Suppose -63 = -2*p - 15. Calculate the remainder when 47 is divided by p.
23
Let q = -2 + 9. Let a be (-126)/q - (1 - -1). Calculate the remainder when 60/8*a/(-3) is divided by 26.
24
Let t = 21 + 1. Calculate the remainder when 53 is divided by t.
9
Let x = 1 - -14. What is the remainder when x is divided by -2 - (-5 - 1*(-1 + 2))?
3
Let q(c) = c**2 - 1. Let k be q(2). Let p(o) = 13*o - 2. Suppose -3*z + 49 = 2*x, 3*z = -z + x + 47. Calculate the remainder when p(k) is divided by z.
11
Let o(z) = z - 3. Let p be o(7). Suppose -2*x + 4*u + 0*u = -42, -5*u = -p*x + 72. Calculate the remainder when x is divided by ((-14)/4)/(2/(-4)).
6
Let d(u) = 2*u**3 - 3*u**2 - 4*u + 3. Let j be d(3). What is the remainder when 17 is divided by 30/4 + j/12?
8
Let m be (2/(-3))/((-6)/(-882)). What is the remainder when (-2 - -3)/((-2)/m) is divided by 13?
10
Let o be 10/4 + (-1)/2. What 